h - 1916*h. Calculate the remainder when h is divided by 111.
36
Let l(u) = -u**3 + 24*u**2 - 93*u + 40. Calculate the remainder when 1479 is divided by l(19).
75
Let y be (-5)/(-6) + ((-2072)/48)/(-37). Calculate the remainder when 102 is divided by ((-86)/172)/(y/(-52)).
11
Let s(o) = 25*o + 50. Let l be s(-2). Suppose 34*d - 406 - 172 = l. What is the remainder when 32 is divided by d?
15
What is the remainder when 1162 is divided by -9 + 7 - -6*730/30?
10
Suppose -2*q + 4*g = -3*q + 77, -q = g - 83. Suppose -83*t = -q*t + 26. Calculate the remainder when 106 is divided by t.
2
Let y(j) = 5*j + 15. Let u be y(6). Suppose -55 = -0*t - 5*t + 3*l, -l = 5*t - 35. Suppose 3*o = t*o - u. Calculate the remainder when 96 is divided by o.
6
Let q(r) = r**3 - 4*r**2 + 8*r - 4. Let m be q(2). Suppose 0 = 5*p - 20. Suppose 0 = -m*c - p*c + 224. Calculate the remainder when 109 is divided by c.
25
Let m(j) = -6106*j - 218. Calculate the remainder when m(-5) is divided by 215.
212
Suppose v - s = -3*s + 16, -2*s - 28 = -v. Suppose v*p - 2626 = 9*p. Calculate the remainder when p is divided by 36.
22
Suppose -k - 360 = -359. Let u(p) = -69*p - 14. What is the remainder when 326 is divided by u(k)?
51
Let r be (-77)/(-56) + -1 + 150/(-16). What is the remainder when 164/3*r/(-4) is divided by 32?
27
Let x(o) = 5*o**2 - 33*o + 230. Calculate the remainder when x(7) is divided by 121.
2
Let a(q) = -q**3 - 10*q**2 - 14*q - 43. Let y be a(-9). Suppose 4*f + y*l = 5*l + 542, 5*f - l - 672 = 0. Calculate the remainder when f is divided by 36.
26
Suppose -y - 10 = -j, 0 = -2*j - j - 5*y + 30. Suppose 0 = 3*s + 8*s - 44. Suppose -v + 65 = s*v. Calculate the remainder when v is divided by j.
3
Let l(n) = 410*n**2 + 342*n + 1. What is the remainder when 1273 is divided by l(-1)?
31
What is the remainder when 874 is divided by 6/9 + 62*(3 + 22/(-12))?
71
Suppose 0 = 3470*t - 3480*t + 610. Calculate the remainder when t is divided by 31.
30
Suppose 2*h + h = -2*h. Suppose -45 = -5*s - h. What is the remainder when 19 is divided by s?
1
Let a = 497 + -303. Calculate the remainder when a is divided by 13.
12
Let x be 5/1 - (18 - 18). Suppose -2*r + 6*r - 412 = 4*y, 2*y + 307 = 3*r. Calculate the remainder when r is divided by 2 + (-9 - -11) + 6*x.
33
Let v(i) = -31*i**2 + 496*i + 5. Calculate the remainder when 1233 is divided by v(16).
3
Let n(a) = 2*a**2 - 7*a - 1. What is the remainder when 1236/(-28)*((-1273)/285 + 2/(-10)) is divided by n(5)?
10
What is the remainder when 3458 is divided by (-2 + 1/((-33)/(-50710)))*18/8?
5
Let o(p) = 7*p + 1. Let c be o(-6). Suppose -7094*f + 7099*f - 48 = 867. Let h = c + f. Calculate the remainder when h is divided by 29.
26
Let n = -8 - -14. Suppose -6*g = -11*g + 420. Suppose -22*z + g = -16*z. What is the remainder when z is divided by n?
2
Suppose 118 + 8 = 2*t + 5*p, 4*t - 5*p = 252. Suppose 20087 = 30*z - 1513. Let q = -698 + z. What is the remainder when t is divided by q?
19
Suppose -326*w + 342 = -322*w - 7*l, -120 = -2*w - 5*l. Calculate the remainder when w is divided by 4 - (1 - (-2 - -2)).
0
Let d be ((-12)/9 - -1)/(2/(-12)). Suppose -3*i = 2*v - 36, -d*i - 16 = -6*i. Calculate the remainder when 45 is divided by v.
9
Let c(b) = 1698*b**3 - 2*b + 1. Let a be c(1). Let z = a - 983. What is the remainder when z/10 - (-2)/(-5) is divided by 18?
17
Suppose 24*h - 9230 = 11*h. What is the remainder when h is divided by (-2 - -23)*(9 + -8)?
17
Suppose 0 = 10*s - 14*s + 20. Calculate the remainder when 2/7 - (-1845)/35 is divided by (s/(-2))/(42/(-84)).
3
Let c be (2 + -54)/(12/(-18)). Let u = c + -30. Calculate the remainder when u is divided by 38.
10
Suppose 4*y - 56 - 89 = r, -3*r + 125 = 4*y. Calculate the remainder when 616 is divided by y.
21
What is the remainder when 355 is divided by (-20)/80 - ((-2)/(-8) - 1206/12)?
55
Suppose 2*y = -4*b, y - 3*b = -3*y. Suppose 14*m - 27*m + 312 = y. What is the remainder when m is divided by 15?
9
Suppose 3*c + c = 3*i - 6, 2*i - 4 = -3*c. Suppose 5*s + g = 95 + 67, -4*g - 78 = -i*s. Calculate the remainder when (-20)/(-8)*(38 + 0) is divided by s.
29
Let d(o) = -12*o**2 + 5*o + 19. Let k be d(-5). Let z = -12 + 18. Calculate the remainder when (-2)/3*8/(32/k) is divided by z.
3
Suppose -212 - 20 = -2*c. Let d = 3712 - 3695. Calculate the remainder when c is divided by d.
14
Let v(j) = 12*j + 12. Let g = -2533 + 2774. What is the remainder when g is divided by v(6)?
73
Let h(a) = 3*a**3 - 2*a**2 - 5*a - 5. Suppose 5*n + 30 = 5*v, 1 + 8 = v - 2*n. Calculate the remainder when h(v) is divided by 9.
7
What is the remainder when (1 - -1)/((-19604)/(-1960) - 10) is divided by 241?
16
What is the remainder when 1480 is divided by (-14)/(-42)*18/(-33) - 356/(-22)?
8
Let t = 7983 + -7607. Calculate the remainder when t is divided by 32.
24
Suppose -5*y - 635 - 1100 = -5*t, 4*y - t + 1394 = 0. Let k = 364 + y. Calculate the remainder when 98 is divided by k.
8
Let u(d) = 2*d**2 + 130*d + 882. Calculate the remainder when u(-62) is divided by 76.
54
Let s = -20 + 41. Calculate the remainder when s is divided by (90/(-12))/((-62)/124).
6
Suppose -24*n = -34*n + 2520. Calculate the remainder when 1021 is divided by n.
13
Let a = -6076 + 7250. Calculate the remainder when a is divided by 25.
24
Suppose -2645 = -2*d - 248*j + 251*j, 0 = -d - 3*j + 1363. Calculate the remainder when d is divided by 103.
100
Suppose 573 - 7288 = -5*r. What is the remainder when r is divided by 84?
83
Let u(r) = -8*r - 16. Let z be u(-5). Suppose 4*p - 163 = 5*i - z, -2*i = 3*p - 133. Let y = -70 - -82. What is the remainder when p is divided by y?
5
Let w = -20 - -76. Suppose w*v - 3*o - 160 = 55*v, 2*v + o = 355. What is the remainder when v is divided by 63?
49
Suppose -68 = -2*d - 5*s, -86 = d + s - 111. Let f(t) = -3*t + 2. Let g be f(8). Let u = g + 95. What is the remainder when u is divided by d?
16
Let p = -2497 + 2525. What is the remainder when 277 is divided by p?
25
Let r(i) = 261*i + 4. Let s be r(3). Suppose 3*g - 5*d = 817, 0*d + d - s = -3*g. What is the remainder when g/3 + 0 - 3 is divided by 11?
8
Let r = 230 - 219. What is the remainder when (-1 + 28/8)*26 is divided by r?
10
Let w(a) = 3*a + 2*a + a + 2 - 2*a. Let f be w(-1). What is the remainder when 8/f + (-74)/(-2) is divided by 17?
16
Let u = -32034 - -32158. What is the remainder when 733 is divided by u?
113
Suppose -219 = 3*m + 192. Let t = m - -168. Calculate the remainder when 153 is divided by t.
29
Let d be 1 - 0 - (3 - -5). Let a(x) = 3971*x - 1990*x - 1980*x + 22. What is the remainder when 27 is divided by a(d)?
12
Let i(n) = 9*n + 787. Calculate the remainder when 31600 is divided by i(-62).
227
Let j = -52 - -89. Let o = 3729 - 3472. Calculate the remainder when o is divided by j.
35
Let a(p) = -p**2 + 26*p - 85. Calculate the remainder when 553/28*(-1 + (4 - -1)) is divided by a(19).
31
Let k be ((-20)/(-8))/((-35)/(-8148)). Let z = 647 - k. Calculate the remainder when z is divided by 24.
17
Let s be -24*13*-9*2/6. Suppose -11*y = -7*y - s. Calculate the remainder when y is divided by 60.
54
Suppose -190 = -44*n + 34*n. Let j be ((-3)/6)/(2/(-4)). Let z(l) = 95*l**2 - 1. What is the remainder when z(j) is divided by n?
18
Let m(b) = b**2 + 7*b**2 + 2*b**2 + b. Suppose 64*j = 559 + 785. Calculate the remainder when m(-2) is divided by j.
17
Let i(d) = 3*d + 9. Let s(t) = -t**3 + 10*t**2 + 45*t - 210. Calculate the remainder when s(11) is divided by i(8).
32
Suppose 2 = -5*n - 3, u + 4*n - 21 = 0. Let f = -74 + 80. Calculate the remainder when u is divided by (-19)/(-2) - (-7 + 4)/f.
5
Suppose -4*x - 3*r = -152, 20 - 12 = 2*r. Suppose 0 = x*d - 61*d + 156. Calculate the remainder when 55 is divided by d.
1
Let w(y) = 6*y - 14. Let k(z) = -2*z - 27. Let i be k(-16). Let u be w(i). Let o = -2 + u. What is the remainder when 54 is divided by o?
12
Suppose -5*q = -2*d + 537 + 821, 0 = -q + 2. Calculate the remainder when 703 is divided by d.
19
Suppose 4*h - 50 = -2*q, -8 = -13*h + 12*h + 4*q. Let w(f) = 2*f**2 + 24*f + 27. What is the remainder when w(-20) is divided by h?
11
Suppose -4*s = -j + 69, j - 3*s + 2*s - 60 = 0. Let h(y) = 2*y - 5. What is the remainder when -7 + 0/(-3) + j is divided by h(9)?
11
Let c = -909